{"id":18,"date":"2022-04-19T13:24:42","date_gmt":"2022-04-19T13:24:42","guid":{"rendered":"https:\/\/szityidaru.hu\/?page_id=18"},"modified":"2022-04-19T16:31:08","modified_gmt":"2022-04-19T14:31:08","slug":"tudnivalok","status":"publish","type":"page","link":"https:\/\/szityidaru.hu\/index.php\/tudnivalok\/","title":{"rendered":"Tudnival\u00f3k"},"content":{"rendered":"\n<p>Budapest ter\u00fclet\u00e9n csak \u00f3rad\u00edjas munk\u00e1t tudunk v\u00e1llalni, ami 1-1 \u00f3ra ki \u00e9s be\u00e1ll\u00e1st tartalmaz plusz 1 \u00f3r\u00e1t sz\u00e1molunk a behajt\u00e1si enged\u00e9lyekre, amit teljes k\u00f6r\u0171en mi int\u00e9z\u00fcnk.<\/p>\n\n\n\n<p>Vid\u00e9ki munka eset\u00e9n a k\u00f6vetkez\u0151 t\u00e9telekb\u0151l tev\u0151dik \u00f6ssze a k\u00f6lts\u00e9g:<br>&#8211; km d\u00edj<br>&#8211; \u00fat d\u00edj<br>&#8211; \u00e9s a rakod\u00e1s idej\u00e9re \u00f3rad\u00edj<\/p>\n\n\n\n<p>T\u00e1j\u00e9koztatjuk \u00d6n\u00f6ket, hogy a 2011. j\u00falius h\u00f3napban bek\u00f6vetkezett szigor\u00edt\u00e1sok miatt Budapest ter\u00fclet\u00e9n kiz\u00e1r\u00f3lag behajt\u00e1si enged\u00e9llyel tudunk munk\u00e1t v\u00e1llalni, melyet a BKK. hat\u00f3s\u00e1g \u00e1ll\u00edt ki. Budapesti munk\u00e1kn\u00e1l az enged\u00e9lyeket mi int\u00e9zz\u00fck, erre sz\u00e1m\u00edtunk egy \u00f3r\u00e1nyi munkad\u00edjat. A behajt\u00e1si enged\u00e9lyk\u00e9r\u00e9s internetes \u00fcgyint\u00e9z\u00e9si ideje \u00e1ltal\u00e1ban 2-3 \u00f3ra, 1 napon bel\u00fcli, de \u00e9rdekl\u0151d\u00e9sn\u00e9l \u00e9s megrendel\u00e9sn\u00e9l ezt k\u00e9rj\u00fck figyelembe venni. Minden beadott k\u00e9relmet ki kell fizetni, akkor is, ha a munka meghi\u00fasul, vagy v\u00e1ltoznak a sz\u00e1ll\u00edt\u00e1si c\u00edmek, mivel az enged\u00e9ly adott napra, c\u00edmre \u00e9s \u00f6vezetre sz\u00f3l.<\/p>\n\n\n\n<p>Fizet\u00e9si felt\u00e9telek: A munka v\u00e9g\u00e9n k\u00e9szp\u00e9nzben, sz\u00e1mla ellen\u00e9ben. Szerz\u0151d\u00f6tt, illetve rendszeres partnereknek 8 napos \u00e1tutal\u00e1s lehets\u00e9ges.<\/p>\n","protected":false},"excerpt":{"rendered":"<p>Budapest ter\u00fclet\u00e9n csak \u00f3rad\u00edjas munk\u00e1t tudunk v\u00e1llalni, ami 1-1 \u00f3ra ki \u00e9s be\u00e1ll\u00e1st tartalmaz plusz 1 \u00f3r\u00e1t sz\u00e1molunk a behajt\u00e1si enged\u00e9lyekre, amit teljes k\u00f6r\u0171en mi int\u00e9z\u00fcnk. Vid\u00e9ki munka eset\u00e9n a k\u00f6vetkez\u0151 t\u00e9telekb\u0151l tev\u0151dik \u00f6ssze a k\u00f6lts\u00e9g:&#8211; km d\u00edj&#8211; \u00fat d\u00edj&#8211; \u00e9s a rakod\u00e1s idej\u00e9re \u00f3rad\u00edj T\u00e1j\u00e9koztatjuk \u00d6n\u00f6ket, hogy a 2011. j\u00falius h\u00f3napban bek\u00f6vetkezett szigor\u00edt\u00e1sok miatt [&hellip;]<\/p>\n","protected":false},"author":1,"featured_media":0,"parent":0,"menu_order":0,"comment_status":"closed","ping_status":"closed","template":"","meta":{"footnotes":""},"class_list":["post-18","page","type-page","status-publish","hentry"],"_links":{"self":[{"href":"https:\/\/szityidaru.hu\/index.php\/wp-json\/wp\/v2\/pages\/18","targetHints":{"allow":["GET"]}}],"collection":[{"href":"https:\/\/szityidaru.hu\/index.php\/wp-json\/wp\/v2\/pages"}],"about":[{"href":"https:\/\/szityidaru.hu\/index.php\/wp-json\/wp\/v2\/types\/page"}],"author":[{"embeddable":true,"href":"https:\/\/szityidaru.hu\/index.php\/wp-json\/wp\/v2\/users\/1"}],"replies":[{"embeddable":true,"href":"https:\/\/szityidaru.hu\/index.php\/wp-json\/wp\/v2\/comments?post=18"}],"version-history":[{"count":2,"href":"https:\/\/szityidaru.hu\/index.php\/wp-json\/wp\/v2\/pages\/18\/revisions"}],"predecessor-version":[{"id":136,"href":"https:\/\/szityidaru.hu\/index.php\/wp-json\/wp\/v2\/pages\/18\/revisions\/136"}],"wp:attachment":[{"href":"https:\/\/szityidaru.hu\/index.php\/wp-json\/wp\/v2\/media?parent=18"}],"curies":[{"name":"wp","href":"https:\/\/api.w.org\/{rel}","templated":true}]}}

Tudnivalók

<p>Budapest területén csak óradíjas munkát tudunk vállalni, ami 1-1 óra ki és beállást tartalmaz plusz 1 órát számolunk a behajtási engedélyekre, amit teljes körűen mi intézünk.</p>



<p>Vidéki munka esetén a következő tételekből tevődik össze a költség:<br>&#8211; km díj<br>&#8211; út díj<br>&#8211; és a rakodás idejére óradíj</p>



<p>Tájékoztatjuk Önöket, hogy a 2011. július hónapban bekövetkezett szigorítások miatt Budapest területén kizárólag behajtási engedéllyel tudunk munkát vállalni, melyet a BKK. hatóság állít ki. Budapesti munkáknál az engedélyeket mi intézzük, erre számítunk egy órányi munkadíjat. A behajtási engedélykérés internetes ügyintézési ideje általában 2-3 óra, 1 napon belüli, de érdeklődésnél és megrendelésnél ezt kérjük figyelembe venni. Minden beadott kérelmet ki kell fizetni, akkor is, ha a munka meghiúsul, vagy változnak a szállítási címek, mivel az engedély adott napra, címre és övezetre szól.</p>



<p>Fizetési feltételek: A munka végén készpénzben, számla ellenében. Szerződött, illetve rendszeres partnereknek 8 napos átutalás lehetséges.</p>

<p>Budapest területén csak óradíjas munkát tudunk vállalni, ami 1-1 óra ki és beállást tartalmaz plusz 1 órát számolunk a behajtási engedélyekre, amit teljes körűen mi intézünk. Vidéki munka esetén a következő tételekből tevődik össze a költség:&#8211; km díj&#8211; út díj&#8211; és a rakodás idejére óradíj Tájékoztatjuk Önöket, hogy a 2011. július hónapban bekövetkezett szigorítások miatt [&hellip;]</p>
